[INFO] cloning repository https://github.com/seankelly/capuchin
[INFO] running `Command { std: "git" "-c" "credential.helper=" "-c" "credential.helper=/workspace/cargo-home/bin/git-credential-null" "clone" "--bare" "https://github.com/seankelly/capuchin" "/workspace/cache/git-repos/https%3A%2F%2Fgithub.com%2Fseankelly%2Fcapuchin", kill_on_drop: false }`
[INFO] [stderr] Cloning into bare repository '/workspace/cache/git-repos/https%3A%2F%2Fgithub.com%2Fseankelly%2Fcapuchin'...
[INFO] running `Command { std: "git" "rev-parse" "HEAD", kill_on_drop: false }`
[INFO] [stdout] bd7957dda8069c59d76fbadcbbc4d48fed49bf5b
[INFO] checking seankelly/capuchin against master#af3c6e733a40e671550e0f0f5aeecaa13772ba56 for pr-74989
[INFO] running `Command { std: "git" "clone" "/workspace/cache/git-repos/https%3A%2F%2Fgithub.com%2Fseankelly%2Fcapuchin" "/workspace/builds/worker-0/source", kill_on_drop: false }`
[INFO] [stderr] Cloning into '/workspace/builds/worker-0/source'...
[INFO] [stderr] done.
[INFO] validating manifest of git repo https://github.com/seankelly/capuchin on toolchain af3c6e733a40e671550e0f0f5aeecaa13772ba56
[INFO] running `Command { std: "/workspace/cargo-home/bin/cargo" "+af3c6e733a40e671550e0f0f5aeecaa13772ba56" "read-manifest" "--manifest-path" "Cargo.toml", kill_on_drop: false }`
[INFO] started tweaking git repo https://github.com/seankelly/capuchin
[INFO] finished tweaking git repo https://github.com/seankelly/capuchin
[INFO] tweaked toml for git repo https://github.com/seankelly/capuchin written to /workspace/builds/worker-0/source/Cargo.toml
[INFO] crate git repo https://github.com/seankelly/capuchin already has a lockfile, it will not be regenerated
[INFO] running `Command { std: "/workspace/cargo-home/bin/cargo" "+af3c6e733a40e671550e0f0f5aeecaa13772ba56" "fetch" "--locked" "--manifest-path" "Cargo.toml", kill_on_drop: false }`
[INFO] running `Command { std: "docker" "create" "-v" "/var/lib/crater-agent-workspace/builds/worker-0/target:/opt/rustwide/target:rw,Z" "-v" "/var/lib/crater-agent-workspace/builds/worker-0/source:/opt/rustwide/workdir:ro,Z" "-v" "/var/lib/crater-agent-workspace/cargo-home:/opt/rustwide/cargo-home:ro,Z" "-v" "/var/lib/crater-agent-workspace/rustup-home:/opt/rustwide/rustup-home:ro,Z" "-e" "SOURCE_DIR=/opt/rustwide/workdir" "-e" "CARGO_TARGET_DIR=/opt/rustwide/target" "-e" "CARGO_HOME=/opt/rustwide/cargo-home" "-e" "RUSTUP_HOME=/opt/rustwide/rustup-home" "-w" "/opt/rustwide/workdir" "-m" "1610612736" "--user" "0:0" "--network" "none" "rustops/crates-build-env@sha256:d92eaeed33fa75130ca1ee6c8a01d1ffb62bac859dfdfb3450e3e5d1c0146529" "/opt/rustwide/cargo-home/bin/cargo" "+af3c6e733a40e671550e0f0f5aeecaa13772ba56" "metadata" "--no-deps" "--format-version=1", kill_on_drop: false }`
[INFO] [stdout] c03a5c23c11e65d9b44178ec0358d75a20870739f48178ff7058c0d6cd91604e
[INFO] [stderr] WARNING: Your kernel does not support swap limit capabilities or the cgroup is not mounted. Memory limited without swap.
[INFO] running `Command { std: "docker" "start" "-a" "c03a5c23c11e65d9b44178ec0358d75a20870739f48178ff7058c0d6cd91604e", kill_on_drop: false }`
[INFO] running `Command { std: "docker" "inspect" "c03a5c23c11e65d9b44178ec0358d75a20870739f48178ff7058c0d6cd91604e", kill_on_drop: false }`
[INFO] running `Command { std: "docker" "rm" "-f" "c03a5c23c11e65d9b44178ec0358d75a20870739f48178ff7058c0d6cd91604e", kill_on_drop: false }`
[INFO] [stdout] c03a5c23c11e65d9b44178ec0358d75a20870739f48178ff7058c0d6cd91604e
[INFO] running `Command { std: "docker" "create" "-v" "/var/lib/crater-agent-workspace/builds/worker-0/target:/opt/rustwide/target:rw,Z" "-v" "/var/lib/crater-agent-workspace/builds/worker-0/source:/opt/rustwide/workdir:ro,Z" "-v" "/var/lib/crater-agent-workspace/cargo-home:/opt/rustwide/cargo-home:ro,Z" "-v" "/var/lib/crater-agent-workspace/rustup-home:/opt/rustwide/rustup-home:ro,Z" "-e" "SOURCE_DIR=/opt/rustwide/workdir" "-e" "CARGO_TARGET_DIR=/opt/rustwide/target" "-e" "CARGO_INCREMENTAL=0" "-e" "RUST_BACKTRACE=full" "-e" "RUSTFLAGS=--cap-lints=forbid" "-e" "CARGO_HOME=/opt/rustwide/cargo-home" "-e" "RUSTUP_HOME=/opt/rustwide/rustup-home" "-w" "/opt/rustwide/workdir" "-m" "1610612736" "--user" "0:0" "--network" "none" "rustops/crates-build-env@sha256:d92eaeed33fa75130ca1ee6c8a01d1ffb62bac859dfdfb3450e3e5d1c0146529" "/opt/rustwide/cargo-home/bin/cargo" "+af3c6e733a40e671550e0f0f5aeecaa13772ba56" "check" "--frozen" "--all" "--all-targets" "--message-format=json", kill_on_drop: false }`
[INFO] [stderr] WARNING: Your kernel does not support swap limit capabilities or the cgroup is not mounted. Memory limited without swap.
[INFO] [stdout] c6889a70e0c070fb1c2fe90ea135b19655de80d1d2c17f55be22afe37247dd0a
[INFO] running `Command { std: "docker" "start" "-a" "c6889a70e0c070fb1c2fe90ea135b19655de80d1d2c17f55be22afe37247dd0a", kill_on_drop: false }`
[INFO] [stderr]     Checking libc v0.2.24
[INFO] [stderr]    Compiling gcc v0.3.51
[INFO] [stderr]    Compiling unicode-xid v0.0.4
[INFO] [stderr]    Compiling quote v0.3.15
[INFO] [stderr]     Checking rustc-demangle v0.1.4
[INFO] [stderr]     Checking cfg-if v0.1.1
[INFO] [stderr]     Checking vec_map v0.8.0
[INFO] [stderr]     Checking ansi_term v0.9.0
[INFO] [stderr]     Checking unicode-width v0.1.4
[INFO] [stderr]     Checking serde v1.0.8
[INFO] [stderr]     Checking strsim v0.6.0
[INFO] [stderr]    Compiling synom v0.11.3
[INFO] [stderr]    Compiling syn v0.11.11
[INFO] [stderr]     Checking memchr v1.0.1
[INFO] [stderr]     Checking term_size v0.3.0
[INFO] [stderr]     Checking atty v0.2.2
[INFO] [stderr]     Checking clap v2.24.2
[INFO] [stderr]     Checking csv-core v0.1.2
[INFO] [stderr]    Compiling backtrace-sys v0.1.11
[INFO] [stderr]    Compiling serde_derive_internals v0.15.1
[INFO] [stderr]    Compiling serde_derive v1.0.8
[INFO] [stderr]     Checking csv v1.0.0-beta.3
[INFO] [stderr]     Checking backtrace v0.3.2
[INFO] [stderr]     Checking error-chain v0.10.0
[INFO] [stderr]     Checking capuchin v0.2.0 (/opt/rustwide/workdir)
[INFO] [stdout] warning: use of deprecated associated function `std::error::Error::description`: use the Display impl or to_string()
[INFO] [stdout]   --> src/main.rs:18:5
[INFO] [stdout]    |
[INFO] [stdout] 18 | /     error_chain! {
[INFO] [stdout] 19 | |         foreign_links {
[INFO] [stdout] 20 | |             Io(csv::Error);
[INFO] [stdout] 21 | |         }
[INFO] [stdout] 22 | |     }
[INFO] [stdout]    | |_____^
[INFO] [stdout]    |
[INFO] [stdout]    = note: `#[warn(deprecated)]` on by default
[INFO] [stdout]    = note: this warning originates in a macro (in Nightly builds, run with -Z macro-backtrace for more info)
[INFO] [stdout] 
[INFO] [stdout] 
[INFO] [stdout] warning: use of deprecated associated function `std::error::Error::description`: use the Display impl or to_string()
[INFO] [stdout]   --> src/main.rs:18:5
[INFO] [stdout]    |
[INFO] [stdout] 18 | /     error_chain! {
[INFO] [stdout] 19 | |         foreign_links {
[INFO] [stdout] 20 | |             Io(csv::Error);
[INFO] [stdout] 21 | |         }
[INFO] [stdout] 22 | |     }
[INFO] [stdout]    | |_____^
[INFO] [stdout]    |
[INFO] [stdout]    = note: `#[warn(deprecated)]` on by default
[INFO] [stdout]    = note: this warning originates in a macro (in Nightly builds, run with -Z macro-backtrace for more info)
[INFO] [stdout] 
[INFO] [stdout] 
[INFO] [stdout] error[E0282]: type annotations needed
[INFO] [stdout]    --> src/databank.rs:618:16
[INFO] [stdout]     |
[INFO] [stdout] 618 |         self.g += season.g.into();
[INFO] [stdout]     |                ^^ --------------- this method call resolves to `T`
[INFO] [stdout]     |                |
[INFO] [stdout]     |                cannot infer type
[INFO] [stdout] 
[INFO] [stdout] 
[INFO] [stdout] error[E0282]: type annotations needed
[INFO] [stdout]    --> src/databank.rs:683:21
[INFO] [stdout]     |
[INFO] [stdout] 683 |         self.ipouts += season.ipouts.into();
[INFO] [stdout]     |                     ^^ -------------------- this method call resolves to `T`
[INFO] [stdout]     |                     |
[INFO] [stdout]     |                     cannot infer type
[INFO] [stdout] 
[INFO] [stdout] 
[INFO] [stdout] error[E0282]: type annotations needed
[INFO] [stdout]    --> src/databank.rs:618:16
[INFO] [stdout]     |
[INFO] [stdout] 618 |         self.g += season.g.into();
[INFO] [stdout]     |                ^^ --------------- this method call resolves to `T`
[INFO] [stdout]     |                |
[INFO] [stdout]     |                cannot infer type
[INFO] [stdout] 
[INFO] [stdout] 
[INFO] [stdout] error[E0282]: type annotations needed
[INFO] [stdout]    --> src/databank.rs:683:21
[INFO] [stdout]     |
[INFO] [stdout] 683 |         self.ipouts += season.ipouts.into();
[INFO] [stdout]     |                     ^^ -------------------- this method call resolves to `T`
[INFO] [stdout]     |                     |
[INFO] [stdout]     |                     cannot infer type
[INFO] [stdout] 
[INFO] [stdout] 
[INFO] [stdout] warning: use of deprecated associated function `std::error::Error::cause`: replaced by Error::source, which can support downcasting
[INFO] [stdout]   --> src/main.rs:18:5
[INFO] [stdout]    |
[INFO] [stdout] 18 | /     error_chain! {
[INFO] [stdout] 19 | |         foreign_links {
[INFO] [stdout] 20 | |             Io(csv::Error);
[INFO] [stdout] 21 | |         }
[INFO] [stdout] 22 | |     }
[INFO] [stdout]    | |_____^
[INFO] [stdout]    |
[INFO] [stdout]    = note: this warning originates in a macro (in Nightly builds, run with -Z macro-backtrace for more info)
[INFO] [stdout] 
[INFO] [stdout] 
[INFO] [stdout] error: aborting due to 2 previous errors; 2 warnings emitted
[INFO] [stdout] 
[INFO] [stdout] 
[INFO] [stdout] For more information about this error, try `rustc --explain E0282`.
[INFO] [stdout] 
[INFO] [stderr] error: could not compile `capuchin`.
[INFO] [stderr] 
[INFO] [stderr] To learn more, run the command again with --verbose.
[INFO] [stderr] warning: build failed, waiting for other jobs to finish...
[INFO] [stdout] warning: use of deprecated associated function `std::error::Error::cause`: replaced by Error::source, which can support downcasting
[INFO] [stdout]   --> src/main.rs:18:5
[INFO] [stdout]    |
[INFO] [stdout] 18 | /     error_chain! {
[INFO] [stdout] 19 | |         foreign_links {
[INFO] [stdout] 20 | |             Io(csv::Error);
[INFO] [stdout] 21 | |         }
[INFO] [stdout] 22 | |     }
[INFO] [stdout]    | |_____^
[INFO] [stdout]    |
[INFO] [stdout]    = note: this warning originates in a macro (in Nightly builds, run with -Z macro-backtrace for more info)
[INFO] [stdout] 
[INFO] [stdout] 
[INFO] [stdout] error: aborting due to 2 previous errors; 2 warnings emitted
[INFO] [stdout] 
[INFO] [stdout] 
[INFO] [stdout] For more information about this error, try `rustc --explain E0282`.
[INFO] [stdout] 
[INFO] [stderr] error: build failed
[INFO] running `Command { std: "docker" "inspect" "c6889a70e0c070fb1c2fe90ea135b19655de80d1d2c17f55be22afe37247dd0a", kill_on_drop: false }`
[INFO] running `Command { std: "docker" "rm" "-f" "c6889a70e0c070fb1c2fe90ea135b19655de80d1d2c17f55be22afe37247dd0a", kill_on_drop: false }`
[INFO] [stdout] c6889a70e0c070fb1c2fe90ea135b19655de80d1d2c17f55be22afe37247dd0a
